+ 2
9
Calculate (-11 - 0 - -1) + -80 + (-60 - -142).
-8
Evaluate 446 + -458 - (-17 - 1).
6
Evaluate -1 - (15 - 13 - 3).
0
Evaluate 4 + 3 + (-9 - -4 - -2).
4
What is the value of -10 - (-20 + 1 + 5)?
4
Evaluate -3 - (6 + -28 + 4) - (6 - 3).
12
Calculate 0 + (1 + 0 + 0 - 2).
-1
What is 10 - (23 + -7 - -27)?
-33
Evaluate -6 + (8 - 7) + 8.
3
Calculate (-2 - 3) + (62 - 53).
4
Evaluate (-10 + 3 - -5) + -21 + 38.
15
(12 - 8) + -9 + 2 + -10
-13
Calculate (-6 - (-33 - (10 - 5))) + -10.
22
Evaluate -1 + -4 - (77 - (0 - -79)).
-3
What is 21 - ((0 - -1) + (-8 - -10) + 4)?
14
Evaluate 10 - (5 - 0) - -24 - 11.
18
Calculate -1 + (21 + -10 - 20) + (0 - -30).
20
Calculate (-29 - -93) + -73 - (1 - 0).
-10
Evaluate -46 + 15 - -48 - 12.
5
Evaluate -8 - (-16 + 17 + -16).
7
Calculate -7 + (-2 - (8 - 17)) + (13 - 8).
5
Evaluate 10 - (19 + 33) - (-9 + 5).
-38
Evaluate (0 - -1 - (-6 - (-11 - -7))) + 1.
4
Evaluate 0 - 4 - (-58 - -101 - 66).
19
What is 23 + (58 - 29) + -30?
22
(-3 - (0 - 3) - 7) + (-5 - -1)
-11
Evaluate -15 - (30 - 45) - 11.
-11
What is 10 + (21 - (-6 + 4)) - (19 + -14)?
28
Evaluate 19 + (-10 - (-8 + -1 + -2)).
20
Evaluate -44 - -33 - (-37 - -59).
-33
Calculate (61 - (-26 + 52)) + -10.
25
Calculate -5 + 2 + 0 + -3 + 4 - -9.
7
What is -223 + 232 + -34 + 5 + 3?
-17
What is 17 - (2 - -4) - (-24 - -22)?
13
What is (-14 + 14 - (4 - 1)) + (36 - 39)?
-6
What is the value of -2 + -2 + -6 + 1 + 3?
-6
What is the value of (2 - (-7 - -15)) + 8 + 8 - 8?
2
What is 1 + (-5 - 5) - (-8 + -38 + 17)?
20
2 + 15 + -11 + -19
-13
Evaluate -22 + (-11 - (-30 - -8) - 0).
-11
23 + -37 + (-2 - -8)
-8
Evaluate 2 + 5 + (-18 + 14 - (0 - -3)).
0
What is 34 + (-1 - -1) + -26 + (-31 - -56)?
33
-47 + 38 + 26 + 4 + -6
15
Calculate 2 + -4 + (5 - 6).
-3
What is -7 - ((2 - (10 - 25)) + -8)?
-16
(-3 - -11) + (-7 - -6) + -3 - -6
10
Evaluate 6 + (1 - (-5 + 6 + -4)).
10
1 + 14 + (-19 - -7)
3
What is -8 - (0 + -17 + -267 + 263)?
13
Calculate 1 - 3 - (3 - (9 + -4) - 5).
5
What is -14 + (14 + -1 - 13) + 13?
-1
Evaluate (23 - (-14 + 19)) + -30.
-12
Calculate -18 - (-33 + 12) - 7.
-4
Calculate (3 - (-4 + 5 + -10)) + -20.
-8
Evaluate 27 + 3 - (31 + -19).
18
Calculate -17 + 10 + -2 + 0 + 82 + -82.
-9
What is -17 + 3 + 0 + 6 + 6 + -8?
-10
17 + 57 - 60 - (-1 - -9)
6
What is the value of 5 - ((-12 - 15) + 20)?
12
What is the value of -34 + 43 - (-8 - 1) - -10?
28
What is 16 + -11 + -9 + -3 + (-8 - -1)?
-14
Evaluate (-7 - (-9 + 1)) + 4 + 6.
11
What is 17 + -10 + 0 + -12 + (13 - 2)?
6
What is -5 + (24 - 19) + 28?
28
What is -2 - -3 - -3 - (-11 - -16)?
-1
Evaluate (12 - -4 - 19) + -4 + -20.
-27
What is 40 + -48 + 11 + -23 + -6?
-26
What is the value of 21 - (-62 - -50 - (-4 - 13))?
16
Evaluate 8 + -18 - -15 - -4.
9
What is 53 - 30 - 36 - (1 + 3)?
-17
What is the value of 14 + (24 - (36 - -29))?
-27
Calculate -4 + (-1 - 0) - (13 + -10 + 3).
-11
-14 + -10 + 26 + (0 - 15)
-13
What is 490 + -509 - (1 + (15 - -3))?
-38
What is the value of -2 - (25 - 5) - -23?
1
Calculate (-51 - -38) + 4 + 2 + 0.
-7
What is the value of 2 - -4 - (5 + (-22 - -16))?
7
2 + 9 - (12 + 16)
-17
24 + -11 - 32 - -18
-1
What is 10 + -3 + -7 + 30 + -12?
18
Calculate (3 - -1) + (0 - -7) + -237 + 205.
-21
What is -7 + -5 + -8 + -1 + 6?
-15
What is the value of (11 - 9) + 3 + (2 - 2) + 8?
13
What is the value of 19 + -25 - (8 + -3 + -8)?
-3
Evaluate 12 + -3 + 5 + 0 + (-4 - 0).
10
What is ((4 - 6) + -2 - -1) + 4 + 4?
5
40 + -45 + (1 - (-2 - 3))
1
Calculate (-2 - -11) + 0 - (18 + 19 + -38).
10
What is the value of -2 - 1 - (-14 - (11 + (7 - 19)))?
10
-16 + 4 + (3 + (0 - 1) - -3)
-7
What is (-2 - -5 - 9 - 5) + (-5 - -2)?
-14
What is the value of -8 - ((2 - -6) + (-45 - -31) - -4)?
-6
Calculate -19 + (-23 - -16) - -13.
-13
(37 - 15) + -27 + -15
-20
Calculate 4 - 3 - (13 - -1) - (-4 + -1).
-8
19 - 19 - 14 - 17 - -8
-23
Evaluate -3 - ((-18 - -17) + (11 - 0) + -4).
-9
What is 6 + (12 - 13) + -5?
0
Evaluate -35 - (-17 + -4) - -20.
6
What is the value of 11 + (9 - 1 - (-17 + 21))?
15
Calculate -17 + (-12 - (-47 + 26)).
-8
What is the value of -12 - ((-14 - (0 + -3)) + 0 + -26)?
25
4 + -1 - (-14 - -31 - 3)
-11
Calculate (56 + -34 - 27) + 1.
-4
Calculate -28 + 11 - -1 - 7 - -3.
-20
What is the value of (-22 - (4 - ((1 - 1) + -1))) + 5?
-22
What is the value of -21 + -1 - (-1 + -6 + -92 + 92)?
-15
Calculate -29 + -3 + 31 + 21.
20
Calculate (0 - 7) + (-8 + 7 + -2 - -9).
-1
What is the value of (17 - (-3 - 0)) + 34 + -37?
17
Evaluate (-2 - -12) + -2 - (-75 - -141 - 86).
28
19 + -2 + (-1 - (10 + -4)) - 1
9
Evaluate 11 + 32 + -40 + -2 + 6 + -15.
-8
-10 + (4 - (0 + (0 - -4)) - -5)
-5
What is the value of 90 + -31 + -29 + -29?
1
Calculate 11 - 10 - (4 - 7) - 4.
0
3 + 3 + 7 + -5 - -1
9
What is 7 + -5 - -7 - -1 - (4 + 1)?
5
What is (8 - 38) + 1 + 16?
-13
9 - 2 - 7 - (51 + -71)
20
Calculate -72 - (-55 - -8) - (-12 + 0).
-13
(-2 - 6) + (8 + -27 - -18)
-9
What is -1 + 2 - (6 + 0) - (349 - 341)?
-13
What is -16 + (3 - (-10 - -7) - 2)?
-12
What is the value of 0 + (-9 - -4 - -5)?
0
Calculate 22 + -32 + (-1 - 0 - 4).
-15
Calculate 0 - -3 - (-6 - -4) - (16 - 1).
-10
-3 - (6 - -9 - (-13 + 0 - -2))
-29
What is 16 - 0 - (126 + -135)?
25
What is -29 - -1 - -3 - (-35 - -33)?
-23
2 - (7 + 0 - 8) - (-15 - -16)
2
20 - (33 + (-16 - -18))
-15
What is (8 - 15 - -1) + (3 - (-2 + -2))?
1
What is the value of 16 + -40 + 13 + (1 - -1)?
-9
Evaluate 8 - (16 - (16 + -8)) - -10 - -8.
18
What is 44 + -14 + -18 - 0?
12
What is -3 + (0 + 1 - -4 - (-360 + 359))?
3
Calculate 0 + 16 + -6 + (-11 + 12 - 2).
9
What is the value of 28 - (60 - 37 - 11)?
16
Calculate 0 + -7 + (17 - 3) + -6 + -1.
0
Calculate 8 - (4 + (-13 - (-10 - -3))).
10
What is the value of 3 + (6 - 16) + -1 + -20?
-28
Calculate 0 - -6 - 2 - (28 - 45).
21
-3 + (-25 + 12 - -14) + -1
-3
Evaluate -12 + 2 + 14 + 3 - -17.
24
Calculate -19 + 11 - (-2 - (-5 + (3 - 3))).
-11
-32 + 28 - (5 - -24)
-33
What is 9 + 5 + (-4 - (-1 - -3))?
8
Calculate 2 + 42 + -15 + -3 + -2 + -5.
19
(46 - (36 + 10)) + 5
5
What is the value of (-24 - -25) + (4 - 1) + (-23 - -6)?
-13
Evaluate -23 + (13 - -1) + 9.
0
What is the value of 1 - 0 - (1 - (-4 - 3 - -2))?
-5
What is -20 - (10 + -16 - (-3 + -2))?
-19
What is the value of 138 - 131 - (-7 + 2 - (3 - 4))?
11
What is the value of (-11 - -1) + (5 - 26) + -8 + 10?
-29
Evaluate -4 - ((-13 - -10) + 1 - (0 + -9)).
-11
Calculate 4 - (-1 + -22) - 25.
2
What is (-12 + 19 - (-4 + 4)) + (3 - 4)?
6
Evaluate -20 - (21 + (13 - (6 - -10))).
-38
2 + (-2 - -10) + -48 + 17
-21
24 + (-28 - (-11 - 24))
31
What is the value of (0 - (2 + 5 + -1)) + -22 + 20?
-8
What is the value of -7 - ((-16 - -16) + -5 + -8)?
6
What is the value of -19 + (38 - 28) + 0 + 27?
18
What is -37 + 7 + 16 + 32?
18
-24 + (-1 - -35) + -17
-7
Calculate -7 + (-5 - -8) - (-55 - -51).
0
What is the value of 9 + (7 - 16) - -1?
1
What is 4 + -8 + (-3 - -6) + -1 + 2?
0
What is the value of -19 + (4 - -6) + 4?
-5
What is (0 + 2 + (5 - 1) - -28) + -10?
24
Calculate -11 + 2 + (-22 - (11 - 49)).
7
What is 7 + -17 + -5 + 17?
2
Evaluate (-2 - -6 - (-5 + 13) - 9) + 3.
-10
What is 10 + (-1 - -1) + (-35 - -21 - -14)?
10
Evaluate 37 + -31 + 12 + -5 + 4.
17
Evaluate 7 - 2 - ((-2 - (-10 - -4)) + -6).
7
What is (-1 - -12) + 274 + -290?
-5
Evaluate (6 + -9 - -8) + -25 + 39.
19
What is the value of (-34 + 21 - (7 - 21)) + (-7 - -1)?
-5
Evaluate 21 - 8 - (3 + 7 + -8 + 7).
4
What is the value of (-2 - 12) + 19 + 1 + -21?
-15
What is the value of -5 - (-54 - -40 - (-3 + 3))?
9
What is the value of (-21 - 9) + (-115 - -136)?
-9
What is 5 - (3 + 11) - -2?
-7
5 + -10 + 4 - ((-1 - -2) + 16)
-18
What is the value of (-82 + 82 - (-1 - 8)) + -19?
-10
What is the value of 1 + 5 - (16 + (-10 - -26))?
-26
What is -48 + (11 + 20 - -19)?
2
Evaluate 3 - (4 - (-5 + 5)) - (2 + 8).
-11
Calculate -526 + 510 - (-1 - 6).
-9
Calculate 4 + (2 - (5 - -1)) + -40 + 29.
-11
Calculate -29 + -19 + 27 + (-4 - -3) + -2.
-24
What is 7 - ((6 - -15) + -28)?
14
77 + -106 + 0 + 0 + 4 + -1
-26
What is the value of -15 + 14 + 1 - (25 + -52)?
27
What is (-4 - -1) + 9 + (2 - 6)?
2
Calculate (6 - 17 - (-8 + 2) - -6) + -7.
-6
Calculate -28 + 35 - 10 - (4 - 5).
-2
Calculate -1 + 5 - (-5 + 1 - -13 - 4).
-1
Calculate -4 - ((11 - 23 - -2) + -3 + 1).
8
-9 - (-4 - 19 - (3 - -3) - 5)
25
What is the value of (-22 - 0) + 